{"id":1858,"date":"2020-01-17T20:23:10","date_gmt":"2020-01-17T20:23:10","guid":{"rendered":"https:\/\/episcenes.com\/?page_id=1858"},"modified":"2025-10-29T12:18:22","modified_gmt":"2025-10-29T12:18:22","slug":"theatre-forum-et-entreprise","status":"publish","type":"page","link":"https:\/\/episcenes.com\/?page_id=1858","title":{"rendered":"Formations \u00e9loquence"},"content":{"rendered":"\n<p>Th\u00e9\u00e2tre Forum, improvisation th\u00e9\u00e2trale et entreprise&#8230; De la prise de parole en public \u00e0 l&rsquo;organisation de team building, notre \u00e9quipe de professionnels utilise l&rsquo;improvisation th\u00e9\u00e2trale et le th\u00e9\u00e2tre Forum au service des dynamiques de changement.<\/p>\n<p>Que ce soit pour le monde de l&rsquo;entreprise, pour l&#8217;emploi, pour l&rsquo;universit\u00e9&#8230; notre offre p\u00e9dagogique s&rsquo;adapte avec agilit\u00e9 aux besoins des structures qui nous contactent.<\/p>\n<p>Plus qu&rsquo;un programme r\u00e9plicable de formation c&rsquo;est bien une formation cibl\u00e9e \u00e0 chaque besoin que nous vous proposons. Notre diagnostic est gratuit ainsi que la r\u00e9alisation de devis adapt\u00e9s aux enjeux sp\u00e9cifiques de chacun.<\/p>\n<p>Notre approche ludique des techniques de l&rsquo;acteur vise, dans la bienveillance, \u00e0 favoriser l&rsquo;expression orale et l&rsquo;\u00e9loquence pour tous. Le travail corporel n&rsquo;est pas mis de c\u00f4t\u00e9 car nous favorisons une approche plurielle et globale.<\/p>\n<p>Si vous souhaitez cr\u00e9er du lien, gagner en confiance, d\u00e9velopper la cr\u00e9ativit\u00e9, gagner en aisance relationnelle, am\u00e9liorer les capacit\u00e9s d&rsquo;adaptation face \u00e0 l&rsquo;impr\u00e9vu&#8230; Nous serons ravis de vous y aider dans une d\u00e9marche d&rsquo;\u00e9coute et de p\u00e9dagogie active.<\/p>\n<p>N&rsquo;h\u00e9sitez pas \u00e0 nous contacter au 05 59 71 83 65 pour tous renseignements.<\/p>\n","protected":false},"excerpt":{"rendered":"<p>Th\u00e9\u00e2tre Forum, improvisation th\u00e9\u00e2trale et entreprise&#8230; De la prise de parole en public \u00e0 l&rsquo;organisation de team building, notre \u00e9quipe de professionnels utilise l&rsquo;improvisation th\u00e9\u00e2trale et le th\u00e9\u00e2tre Forum au service des dynamiques de changement. Que ce soit pour le<\/p>\n","protected":false},"author":1,"featured_media":0,"parent":0,"menu_order":4,"comment_status":"closed","ping_status":"closed","template":"","meta":{"_exactmetrics_skip_tracking":false,"_exactmetrics_sitenote_active":false,"_exactmetrics_sitenote_note":"","_exactmetrics_sitenote_category":0,"footnotes":""},"class_list":["post-1858","page","type-page","status-publish","hentry"],"aioseo_notices":[],"amp_enabled":true,"_links":{"self":[{"href":"https:\/\/episcenes.com\/index.php?rest_route=\/wp\/v2\/pages\/1858","targetHints":{"allow":["GET"]}}],"collection":[{"href":"https:\/\/episcenes.com\/index.php?rest_route=\/wp\/v2\/pages"}],"about":[{"href":"https:\/\/episcenes.com\/index.php?rest_route=\/wp\/v2\/types\/page"}],"author":[{"embeddable":true,"href":"https:\/\/episcenes.com\/index.php?rest_route=\/wp\/v2\/users\/1"}],"replies":[{"embeddable":true,"href":"https:\/\/episcenes.com\/index.php?rest_route=%2Fwp%2Fv2%2Fcomments&post=1858"}],"version-history":[{"count":5,"href":"https:\/\/episcenes.com\/index.php?rest_route=\/wp\/v2\/pages\/1858\/revisions"}],"predecessor-version":[{"id":3968,"href":"https:\/\/episcenes.com\/index.php?rest_route=\/wp\/v2\/pages\/1858\/revisions\/3968"}],"wp:attachment":[{"href":"https:\/\/episcenes.com\/index.php?rest_route=%2Fwp%2Fv2%2Fmedia&parent=1858"}],"curies":[{"name":"wp","href":"https:\/\/api.w.org\/{rel}","templated":true}]}}