{"id":1604,"date":"2019-02-05T13:31:47","date_gmt":"2019-02-05T13:31:47","guid":{"rendered":"https:\/\/episcenes.com\/?page_id=1604"},"modified":"2026-03-24T09:42:15","modified_gmt":"2026-03-24T09:42:15","slug":"notre-equipe","status":"publish","type":"page","link":"https:\/\/episcenes.com\/?page_id=1604","title":{"rendered":"\u00c9quipe"},"content":{"rendered":"\n<div class=\"entry-content clearfix\">\n<h5 style=\"text-align: left;\"><strong><span style=\"color: #808080;\" data-darkreader-inline-color=\"\">L\u00e9andre ARRIBES : Directeur Artistique<\/span><\/strong><\/h5>\n<p><strong><img loading=\"lazy\" decoding=\"async\" class=\"wp-image-1280 size-full alignright\" src=\"https:\/\/episcenes.com\/wp-content\/uploads\/2018\/04\/Leandre-Arribes-01.jpg\" sizes=\"auto, (max-width: 250px) 100vw, 250px\" srcset=\"https:\/\/episcenes.com\/wp-content\/uploads\/2018\/04\/Leandre-Arribes-01.jpg 250w, https:\/\/episcenes.com\/wp-content\/uploads\/2018\/04\/Leandre-Arribes-01-230x230.jpg 230w\" alt=\"Leandre Arribes\" width=\"250\" height=\"250\"><\/strong><\/p>\n<p>L\u00e9andre Arribes, artiste complet au parcours atypique, a fait de la voix et de la pr\u00e9sence sc\u00e9nique les piliers de son art. Chanteur autodidacte puis form\u00e9 aux Conservatoires de Paris et de La Courneuve, il a enrichi son exp\u00e9rience aupr\u00e8s de compagnies de th\u00e9\u00e2tre professionnelles en France et \u00e0 l\u2019\u00e9tranger, d\u00e9veloppant une approche singuli\u00e8re o\u00f9 corps, \u00e9criture et jeu dramatique s\u2019entrelacent.<\/p>\n<p>Cr\u00e9ateur pluridisciplinaire, L\u00e9andre puise dans les r\u00e9cits de vie et l\u2019improvisation pour concevoir des spectacles originaux. Son univers artistique, oscillant entre cabaret et drame moderne, explore le th\u00e9\u00e2tre du XX\u1d49 si\u00e8cle \u00e0 aujourd\u2019hui, toujours dans une d\u00e9marche d\u2019engagement et de r\u00e9invention.<\/p>\n<p>Com\u00e9dien, auteur et metteur en sc\u00e8ne, il conjugue son travail de cr\u00e9ation avec un investissement constant dans la transmission artistique. Depuis les \u00e9coles aux milieux sp\u00e9cialis\u00e9s (handicap, \u00e9ducation, milieu carc\u00e9ral), L\u00e9andre met son savoir-faire au service de publics vari\u00e9s. Professeur de th\u00e9\u00e2tre dipl\u00f4m\u00e9 d\u2019\u00c9tat, il dirige aujourd\u2019hui le d\u00e9partement Th\u00e9\u00e2tre du&nbsp;Conservatoire de Bordeaux, o\u00f9 il d\u00e9veloppe une p\u00e9dagogie centr\u00e9e sur l\u2019\u00e9panouissement personnel, int\u00e9grant ses comp\u00e9tences d\u2019\u00e9ducateur sportif et sa pratique du yoga dans des approches dynamiques et innovantes.<\/p>\n<p>Formateur en communication, certifi\u00e9 par la F\u00e9d\u00e9ration Fran\u00e7aise de la Formation Professionnelle, il accompagne particuliers et entreprises sur l\u2019art de la parole et de la prise de parole en public. \u00c0 travers l\u2019improvisation th\u00e9\u00e2trale et le Th\u00e9\u00e2tre Forum, il propose des formations personnalis\u00e9es, ancr\u00e9es dans l\u2019\u00e9coute, l\u2019\u00e9thique et le changement.<\/p>\n<p>Artiste associ\u00e9 au Th\u00e9\u00e2tre EpiSc\u00e8nes et soci\u00e9taire de la SACD, L\u00e9andre Arribes est un cr\u00e9ateur engag\u00e9 qui conjugue cr\u00e9ation, transmission et d\u00e9veloppement personnel, en cherchant \u00e0 accompagner et \u00e0 inspirer ceux qu\u2019il rencontre.<\/p>\n<p>Il m\u00e8ne actuellement une recherche-action en improvisation et \u00e9critures de plateau dans le cadre d&rsquo;un doctorat en \u00c9tudes th\u00e9\u00e2trales au sein de l&rsquo;Universit\u00e9 Montpellier III &#8211; Paul Val\u00e9ry.<\/p>\n<p>&nbsp;<\/p>\n<p><img loading=\"lazy\" decoding=\"async\" class=\"wp-image-1281 size-full alignleft\" src=\"https:\/\/episcenes.com\/wp-content\/uploads\/2018\/04\/Leandre-Arribes-02.jpg\" alt=\"Leandre Arribes\" width=\"445\" height=\"250\"><\/p>\n<p>&nbsp;<\/p>\n<p><img loading=\"lazy\" decoding=\"async\" class=\"wp-image-1283 size-full aligncenter\" src=\"https:\/\/episcenes.com\/wp-content\/uploads\/2018\/04\/Leandre-Arribes-04.jpg\" alt=\"Leandre Arribes\" width=\"432\" height=\"250\"><\/p>\n<p>&nbsp;<\/p>\n<\/div>\n<div class=\"entry-content clearfix\">\n<h5 style=\"text-align: left;\"><span style=\"color: #808080;\" data-darkreader-inline-color=\"\"><strong>Lyne LEBRETON : Attach\u00e9e d\u2019administration et d\u2019accompagnement des pratiques artistiques et culturelles, artiste enseignante, com\u00e9dienne<\/strong><\/span><\/h5>\n<div class=\"wp-block-image\">\n<figure class=\"alignright is-resized\"><img loading=\"lazy\" decoding=\"async\" class=\"wp-image-1541\" src=\"https:\/\/episcenes.com\/wp-content\/uploads\/2019\/01\/LYNE.jpg\" sizes=\"auto, (max-width: 258px) 100vw, 258px\" srcset=\"https:\/\/episcenes.com\/wp-content\/uploads\/2019\/01\/LYNE.jpg 719w, https:\/\/episcenes.com\/wp-content\/uploads\/2019\/01\/LYNE-595x595.jpg 595w, https:\/\/episcenes.com\/wp-content\/uploads\/2019\/01\/LYNE-230x230.jpg 230w, https:\/\/episcenes.com\/wp-content\/uploads\/2019\/01\/LYNE-365x365.jpg 365w\" alt=\"\" width=\"258\" height=\"258\"><\/figure>\n<\/div>\n<p>Suite \u00e0 des \u00e9tudes de droit et d\u2019\u00e9ducation sp\u00e9cialis\u00e9e, Lyne Lebreton s\u2019est progressivement impliqu\u00e9e dans des compagnies de th\u00e9\u00e2tre \u00e0 Pau et sa r\u00e9gion.<\/p>\n<div class=\"wp-block-image\">\n<figure class=\"alignleft is-resized\"><img loading=\"lazy\" decoding=\"async\" class=\"wp-image-1554\" src=\"https:\/\/episcenes.com\/wp-content\/uploads\/2019\/01\/EpiSc%C3%A8nes-LDS-20182-1-960x961.jpg\" sizes=\"auto, (max-width: 251px) 100vw, 251px\" srcset=\"https:\/\/episcenes.com\/wp-content\/uploads\/2019\/01\/EpiSc\u00e8nes-LDS-20182-1-960x961.jpg 960w, https:\/\/episcenes.com\/wp-content\/uploads\/2019\/01\/EpiSc\u00e8nes-LDS-20182-1-595x596.jpg 595w, https:\/\/episcenes.com\/wp-content\/uploads\/2019\/01\/EpiSc\u00e8nes-LDS-20182-1-768x769.jpg 768w, https:\/\/episcenes.com\/wp-content\/uploads\/2019\/01\/EpiSc\u00e8nes-LDS-20182-1-230x230.jpg 230w, https:\/\/episcenes.com\/wp-content\/uploads\/2019\/01\/EpiSc\u00e8nes-LDS-20182-1-365x365.jpg 365w, https:\/\/episcenes.com\/wp-content\/uploads\/2019\/01\/EpiSc\u00e8nes-LDS-20182-1.jpg 1824w\" alt=\"\" width=\"251\" height=\"251\"><\/figure>\n<\/div>\n<p>Com\u00e9dienne, elle a \u00e9galement investi le fonctionnement associatif et s\u2019est positionn\u00e9e aupr\u00e8s des EpiSc\u00e8nes, afin de pr\u00e9parer l\u2019ouverture de ce th\u00e9\u00e2tre, en avril 2014.<\/p>\n<p>Aujourd\u2019hui, charg\u00e9e d\u2019administration de la compagnie EpiSc\u00e8nes et forte de son exp\u00e9rience dans le domaine social elle s\u2019investit \u00e9galement dans des ateliers th\u00e9\u00e2tre \u00e0 destination de publics diversifi\u00e9s : adultes, enfants, personnes malvoyantes, jeunes porteurs de trisomie 21, adultes handicap\u00e9s\u2026<\/p>\n<p>Au cours des ann\u00e9es, elle a beaucoup travaill\u00e9 dans des cr\u00e9ations interg\u00e9n\u00e9rationnelles, \u00ab Histoire(s) de\u2026 \u00bb, propos\u00e9es au th\u00e9\u00e2tre Saint-Louis de Pau, par l\u2019auteur et metteur en sc\u00e8ne L\u00e9andre Arribes.<\/p>\n<p>Elle a \u00e9galement jou\u00e9 un seule-en-sc\u00e8ne particuli\u00e8rement reconnu pour sa qualit\u00e9 \u00ab&nbsp;Le dernier survivant de 14&nbsp;\u00bb, adapt\u00e9 du roman \u00e9ponyme de Henri-Fr\u00e9d\u00e9ric Blanc et mis en sc\u00e8ne par L\u00e9andre Arribes.&nbsp;<\/p>\n<p>En tant que com\u00e9dienne, elle a travaill\u00e9 aussi avec d\u2019autres compagnies comme \u00ab&nbsp;Vice Versa&nbsp;\u00bb et \u00ab&nbsp;H\u00e9 ! Psst !&nbsp;\u00bb et plus sp\u00e9cifiquement depuis janvier 2017 sur le spectacle \u00ab&nbsp;Tant qu\u2019il y aura des coquelicots&nbsp;\u00bb, toujours diffus\u00e9.<\/p>\n<p>Le spectacle a \u00e9t\u00e9 r\u00e9compens\u00e9 par 3 \u00ab P\u2019tits Moli\u00e8res \u00bb : meilleur auteur vivant, meilleur spectacle tout public et coup de coeur du jury en 2018 et 2019.<\/p>\n<p>La cr\u00e9ation \u00ab\u00a0Madame Van Gogh\u00a0\u00bb a \u00e9t\u00e9 accueillie en r\u00e9sidence de cr\u00e9ation en avril 2019 aux EpiSc\u00e8nes.<\/p>\n<p>&nbsp;<\/p>\n<h5><span style=\"color: #808080;\" data-darkreader-inline-color=\"\"><strong>Elodie D<b>\u00c9<\/b>THELOT : Artiste enseignante, com\u00e9dienne<\/strong><\/span><\/h5>\n<p>Enfant, Elodie D\u00e9thelot embarque dans le monde fabuleux de la lecture par des pi\u00e8ces de th\u00e9\u00e2tre et rencontre, \u00e0 dix ans, le r\u00e9pertoire classique, en d\u00e9clamant la c\u00e9l\u00e8bre tirade d&rsquo;Harpagon dans <em>L&rsquo;Avare<\/em> de Moli\u00e8re, devant tous ses camarades de classe. R\u00e9actions, rires. C&rsquo;est une r\u00e9v\u00e9lation !<img loading=\"lazy\" decoding=\"async\" class=\"alignright  wp-image-2106\" src=\"https:\/\/episcenes.com\/wp-content\/uploads\/2020\/11\/PHOTO-PORTRAIT-480x640.jpg\" alt=\"\" width=\"238\" height=\"318\">&nbsp;<\/p>\n<p>Elle commence la pratique de l&rsquo;art dramatique au lyc\u00e9e, passe un baccalaur\u00e9at litt\u00e9raire sp\u00e9cialit\u00e9 th\u00e9\u00e2tre puis, se forme professionnellement au Cours Ren\u00e9 Simon \u00e0 Paris aupr\u00e8s de Chantal Bri\u00e8re. Plus r\u00e9cemment, elle suit un stage \u00e0 l&rsquo;Ecole internationale de th\u00e9\u00e2tre Jacques Lecoq, tout en \u00e9tudiant le cursus propos\u00e9 au Conservatoire de Pau prodigu\u00e9 par L\u00e9andre Arribes.&nbsp;<\/p>\n<p>Au cours de ces ann\u00e9es, elle se frotte \u00e0 des r\u00f4les tr\u00e8s diff\u00e9rents: La nourrice dans la pi\u00e8ce d&rsquo;<em>Antigone<\/em> d&rsquo;Anouilh \u00e0 Consuela dans <em>13 \u00e0 table<\/em> de Sauvajon, Gertrude dans<em> Hamlet<\/em> de Shakespeare en passant par <em>La Locandiera<\/em> de Goldoni dans le r\u00f4le de Mirandolina, Nancy dans <em>Requiem pour une nonne<\/em> de Faulkner adapt\u00e9 par Camus, ou encore <em>La Voix humaine<\/em> de Cocteau .<\/p>\n<p>Ainsi, par l&rsquo;amour des mots, du jeu, de l&rsquo;autre, le th\u00e9\u00e2tre s&rsquo;est toujours fray\u00e9 un&nbsp; chemin dans son parcours.<\/p>\n<p>Elle int\u00e8gre les EpiSc\u00e8nes en tant que com\u00e9dienne et enseignante en 2019.&nbsp;<\/p>\n<\/div>\n<div class=\"entry-content clearfix\">\n<h5>&nbsp;<\/h5>\n<h5><span style=\"color: #808080;\" data-darkreader-inline-color=\"\"><strong>Tina\u00ebl PARAT : Artiste enseignant, com\u00e9dien<\/strong><\/span><\/h5>\n<p>N\u00e9 officiellement le 16 f\u00e9vrier 1999, Tina\u00ebl suit un cursus scolaire g\u00e9n\u00e9ral scientifique. Apr\u00e8s des ann\u00e9es lyc\u00e9e difficiles, il laisse les math\u00e9matiques de c\u00f4t\u00e9<img loading=\"lazy\" decoding=\"async\" class=\"alignright  wp-image-2135\" src=\"https:\/\/episcenes.com\/wp-content\/uploads\/2020\/11\/moi-480x640.jpg\" alt=\"\" width=\"245\" height=\"327\"> pour le th\u00e9\u00e2tre. Le 25 septembre 2017, il rena\u00eet officieusement en entrant \u00e0 l\u2019\u00e9cole nationale sup\u00e9rieure d\u2019art dramatique d\u2019Agen : Le Th\u00e9\u00e2tre du Jour.&nbsp;<\/p>\n<p>C\u2019est dans cette \u00e9cole qu\u2019il devient passionn\u00e9 pour les mots. Le th\u00e9\u00e2tre et l\u2019\u00e9criture deviennent alors ses deux meilleurs amis. Car au-del\u00e0 de pouvoir se jouer des lettres, il peut \u00eatre ce qu\u2019il veut. Il s\u2019int\u00e9resse \u00e0 la philosophie et \u00e0 la psychologie de mani\u00e8re autodidacte pour transformer ses jeux en art de partage massif. Sa petite exp\u00e9rience de la vie l\u2019am\u00e8ne \u00e0 \u00e9crire sa premi\u00e8re pi\u00e8ce pour aider les jeunes \u00e0 avoir un d\u00e9clic et avancer joyeusement en ces temps troubles.&nbsp;<\/p>\n<p>En 2020, il obtient le Dipl\u00f4me National Sup\u00e9rieur Professionnel du Com\u00e9dien et une licence \u00ab sciences sociales et art du spectacle, th\u00e9\u00e2tre et com\u00e9die musicale\u00a0\u00bb.<\/p>\n<p>Il rejoint les EpiSc\u00e8nes en tant que volontaire en service civique, pour la saison 2020 \u2013 2021. Il est aussi engag\u00e9 sur des contrats d\u2019artiste enseignant et interpr\u00e8te<\/p>\n<p>Durant la saison 2021-2022, Tina\u00ebl reste dans l&rsquo;\u00e9quipe des EpiSc\u00e8nes en tant que com\u00e9dien et artiste enseignant pour des adolescents. Il profite \u00e9galement de cette ann\u00e9e suppl\u00e9mentaire pour finaliser son projet \u00ab\u00a0Un Pr\u00e9vu\u00a0\u00bb.<\/p>\n<h5>&nbsp;<\/h5>\n<h5><strong>Manon FLOUS&nbsp; : artiste&nbsp; enseignante, com\u00e9dienne<a href=\"https:\/\/episcenes.com\/notre-equipe\/photo-manon\/\" rel=\"attachment wp-att-2795\"><img loading=\"lazy\" decoding=\"async\" class=\"alignright wp-image-2795\" src=\"https:\/\/episcenes.com\/wp-content\/uploads\/2022\/09\/photo-Manon-595x595.jpg\" alt=\"\" width=\"240\" height=\"240\" srcset=\"https:\/\/episcenes.com\/wp-content\/uploads\/2022\/09\/photo-Manon-595x595.jpg 595w, https:\/\/episcenes.com\/wp-content\/uploads\/2022\/09\/photo-Manon-960x960.jpg 960w, https:\/\/episcenes.com\/wp-content\/uploads\/2022\/09\/photo-Manon-768x768.jpg 768w, https:\/\/episcenes.com\/wp-content\/uploads\/2022\/09\/photo-Manon-230x230.jpg 230w, https:\/\/episcenes.com\/wp-content\/uploads\/2022\/09\/photo-Manon-365x365.jpg 365w, https:\/\/episcenes.com\/wp-content\/uploads\/2022\/09\/photo-Manon.jpg 1440w\" sizes=\"auto, (max-width: 240px) 100vw, 240px\" \/><\/a><\/strong><\/h5>\n<p>N\u00e9e en 2001, Manon grandit dans la campagne orth\u00e9zienne. De spectacles en concerts, elle d\u00e9couvre d\u00e8s sa naissance les arts de la sc\u00e8ne. C&rsquo;est certain, elle en fera sa vie !<\/p>\n<p>Manon d\u00e9couvre d&rsquo;abord la musique aux c\u00f4t\u00e9s de son p\u00e8re batteur et choisit rapidement son discret instrument: la guitare \u00e9lectrique. Durant ses ann\u00e9es coll\u00e8ge\/lyc\u00e9e, elle monte un groupe avec sa s\u0153ur et deux amies avec qui elle jouera pendant 5 ans.<\/p>\n<p>Mais s&rsquo;il est un art qui l&rsquo;a toujours poursuivie, c&rsquo;est bien le th\u00e9\u00e2tre. D\u00e8s son enfance, elle cr\u00e9e des pi\u00e8ces pour ses parents dans le salon. Mais c&rsquo;est v\u00e9ritablement la rencontre avec son instituteur de primaire qui va changer sa vie. Il l&rsquo;initie au th\u00e9\u00e2tre par des petits ateliers et l&rsquo;aide \u00e0 se d\u00e9couvrir. C&rsquo;est lui qui la poussera \u00e0 \u00e9couter sa sensibilit\u00e9 et \u00e0 suivre sa voie.<\/p>\n<p>Quelques ann\u00e9es plus tard, Manon entre en section th\u00e9\u00e2tre dans son lyc\u00e9e \u00e0 Orthez o\u00f9 elle a pour la premi\u00e8re fois l&rsquo;occasion de jouer un r\u00f4le sur sc\u00e8ne. C&rsquo;est aussi l\u00e0 qu&rsquo;elle d\u00e9couvre la mise en sc\u00e8ne et qu&rsquo;elle s&rsquo;en \u00e9prend. Au travers de son bac litt\u00e9raire, elle d\u00e9couvre \u00e9galement le cin\u00e9ma. C&rsquo;est donc naturellement qu&rsquo;elle se tourne, apr\u00e8s le lyc\u00e9e, vers une licence de lettres &#8211; cin\u00e9ma, th\u00e9\u00e2tre, danse \u00e0 Pau ! L\u00e0-bas elle rencontre Richard Cayre et son travail du corps.<\/p>\n<p>Elle rejoint tout d&rsquo;abord l&rsquo;\u00e9quipe des EpiSc\u00e8nes en tant que volontaire en mission de service civique pour en 2022 et vit sa premi\u00e8re exp\u00e9rience de mise en sc\u00e8ne aux c\u00f4t\u00e9s de Manu Scolari qu&rsquo;elle dirige dans son seul en sc\u00e8ne \u00ab\u00a0Faut qu&rsquo;on parle\u00a0\u00bb. En 2024, elle est en passe de valider son Dipl\u00f4me d&rsquo;\u00c9tudes Th\u00e9\u00e2trales au Conservatoire de Pau et travaille comme com\u00e9dienne pour la Compagnie l&rsquo;ange ing\u00e9nu. Aux EpiSc\u00e8nes, elle encadre des actions ponctuelles en p\u00e9dagogie et sera \u00e0 l&rsquo;affiche de la production \u00ab\u00a0Derri\u00e8re le rideau\u00a0\u00bb de L\u00e9andre Arribes.<\/p>\n<\/div>\n\n\n\n<p>&nbsp;<\/p>\n<h5><strong>Julie Lambert : chanteuse et com\u00e9dienne<br><\/strong><\/h5>\n<p data-darkreader-inline-color=\"\"><a href=\"https:\/\/episcenes.com\/wp-content\/uploads\/2025\/01\/so-57ecc47066a4bdfb7ce1bfb9-ph0.jpg\"><img loading=\"lazy\" decoding=\"async\" class=\"wp-image-3678  alignleft\" src=\"https:\/\/episcenes.com\/wp-content\/uploads\/2025\/01\/so-57ecc47066a4bdfb7ce1bfb9-ph0.jpg\" alt=\"\" width=\"430\" height=\"215\" srcset=\"https:\/\/episcenes.com\/wp-content\/uploads\/2025\/01\/so-57ecc47066a4bdfb7ce1bfb9-ph0.jpg 1000w, https:\/\/episcenes.com\/wp-content\/uploads\/2025\/01\/so-57ecc47066a4bdfb7ce1bfb9-ph0-595x298.jpg 595w, https:\/\/episcenes.com\/wp-content\/uploads\/2025\/01\/so-57ecc47066a4bdfb7ce1bfb9-ph0-960x480.jpg 960w, https:\/\/episcenes.com\/wp-content\/uploads\/2025\/01\/so-57ecc47066a4bdfb7ce1bfb9-ph0-768x384.jpg 768w\" sizes=\"auto, (max-width: 430px) 100vw, 430px\" \/>Julie Lambert (alias Ruby A) <\/a>est une chanteuse multi-instrumentiste new-yorkaise, aujourd\u2019hui install\u00e9e dans le Sud-Ouest de la France. Dipl\u00f4m\u00e9e de la prestigieuse <em>Crane School of Music<\/em>&nbsp;en p\u00e9dagogie musicale, elle s\u2019est form\u00e9e au piano classique, \u00e0 la voix et \u00e0 l\u2019harmonie avant de se lancer dans la composition. Ses cr\u00e9ations, nourries d\u2019influences folk, jazz, et blues, s\u2019inspirent d\u2019artistes comme Rickie Lee Jones, Joni Mitchell et Suzanne Vega.<\/p>\n<p data-darkreader-inline-color=\"\">Apr\u00e8s avoir explor\u00e9 les sc\u00e8nes de rue en Europe du Nord, Julie s\u2019est b\u00e2tie un public fid\u00e8le en collaborant \u00e0 des projets musicaux vari\u00e9s (folk, jazz, \u00e9lectro) et en se produisant dans des festivals et salles de concert. Professeure de musique et de chant, cheffe de ch\u0153ur, et animatrice en chant pr\u00e9natal, elle conjugue sa carri\u00e8re artistique avec un engagement quotidien dans la transmission et l\u2019arrangement vocal et instrumental.<\/p>\n<p data-darkreader-inline-color=\"\">Son \u0153uvre comprend trois albums marquants o\u00f9 elle m\u00eale textes sensibles et arrangements acoustiques, sublim\u00e9s par l\u2019usage de la p\u00e9dale loop et la richesse de ses collaborations musicales. Parmi ses succ\u00e8s, le titre &nbsp;\u00ab Country boy \u00bb, issu de son dernier album, a \u00e9t\u00e9 s\u00e9lectionn\u00e9 par la r\u00e9daction de <em>Rolling Stone<\/em>. Julie d\u00e9fend des valeurs fortes dans son art : \u00e9cologie, solidarit\u00e9, ouverture d\u2019esprit et lutte contre les oppressions.<\/p>\n<p data-darkreader-inline-color=\"\">Elle collabore aujourd\u2019hui avec l\u2019\u00e9quipe des&nbsp;<strong>EpiSc\u00e8nes<\/strong>, en s\u2019investissant dans des projets et des cr\u00e9ations interdisciplinaires, o\u00f9 elle met au service des arts de la sc\u00e8ne son talent et son exp\u00e9rience unique.<\/p>\n<p data-darkreader-inline-color=\"\">&nbsp;<\/p>\n\n\n<div class=\"wp-block-image\">\n<figure class=\"alignright size-large is-resized\"><img loading=\"lazy\" decoding=\"async\" width=\"960\" height=\"1280\" src=\"https:\/\/episcenes.com\/wp-content\/uploads\/2025\/12\/IMG_8472-1-960x1280.jpeg\" alt=\"\" class=\"wp-image-4076\" style=\"width:231px;height:auto\" srcset=\"https:\/\/episcenes.com\/wp-content\/uploads\/2025\/12\/IMG_8472-1-960x1280.jpeg 960w, https:\/\/episcenes.com\/wp-content\/uploads\/2025\/12\/IMG_8472-1-595x793.jpeg 595w, https:\/\/episcenes.com\/wp-content\/uploads\/2025\/12\/IMG_8472-1-480x640.jpeg 480w, https:\/\/episcenes.com\/wp-content\/uploads\/2025\/12\/IMG_8472-1-768x1024.jpeg 768w, https:\/\/episcenes.com\/wp-content\/uploads\/2025\/12\/IMG_8472-1-1152x1536.jpeg 1152w, https:\/\/episcenes.com\/wp-content\/uploads\/2025\/12\/IMG_8472-1-1536x2048.jpeg 1536w, https:\/\/episcenes.com\/wp-content\/uploads\/2025\/12\/IMG_8472-1-scaled.jpeg 1920w\" sizes=\"auto, (max-width: 960px) 100vw, 960px\" \/><\/figure>\n<\/div>\n\n\n\n\n<h5><strong>Service civique 2025 &#8211; 2026 : Amandine PIOLET\u00a0<\/strong><\/h5>\n<p data-darkreader-inline-color=\"\">Originaire de Limoges, Amandine, 21 ans, a choisi de rejoindre le Th\u00e9\u00e2tre des EpiSc\u00e8nes dans le cadre d\u2019un Service Civique, s\u00e9duite par les valeurs de partage, de cr\u00e9ativit\u00e9 et d\u2019accessibilit\u00e9 port\u00e9es par l\u2019association. Anim\u00e9e d\u2019une v\u00e9ritable passion pour la danse et d\u2019un profond d\u00e9sir de transmettre les \u00e9motions par le mouvement, elle voit dans cette exp\u00e9rience une belle occasion d\u2019\u00e9largir ses horizons artistiques tout en m\u00fbrissant son projet professionnel.<\/p>\n<p data-darkreader-inline-color=\"\"><br \/>Depuis son plus jeune \u00e2ge, Amandine s\u2019exprime \u00e0 travers la danse, un art qui lui permet d\u2019allier rigueur, sensibilit\u00e9 et libert\u00e9. Toujours curieuse d\u2019explorer de nouveaux styles et univers, elle nourrit son parcours d\u2019exp\u00e9riences vari\u00e9es, convaincue que le corps est un langage universel. Cette curiosit\u00e9 et cette ouverture se refl\u00e8tent dans son engagement au sein des EpiSc\u00e8nes, o\u00f9 elle participe activement aux actions culturelles et \u00e0 la vie du th\u00e9\u00e2tre.<\/p>\n<p data-darkreader-inline-color=\"\"><br \/>Souriante, investie et \u00e0 l\u2019\u00e9coute, Amandine apporte \u00e0 l\u2019\u00e9quipe son \u00e9nergie positive et son regard sensible sur le travail artistique collectif. Elle envisage cette ann\u00e9e comme une \u00e9tape essentielle pour affiner ses comp\u00e9tences et se rapprocher de son r\u00eave : devenir assistante chor\u00e9graphe et accompagner la cr\u00e9ation sous toutes ses formes.<\/p>\n<p data-darkreader-inline-color=\"\">\u00a0<\/p>\n<p data-darkreader-inline-color=\"\">\u00a0<\/p>\n\n\n<div class=\"wp-block-image\">\n<figure class=\"alignright size-large is-resized\"><img loading=\"lazy\" decoding=\"async\" width=\"960\" height=\"1280\" src=\"https:\/\/episcenes.com\/wp-content\/uploads\/2025\/12\/IMG_7168-2-960x1280.jpeg\" alt=\"\" class=\"wp-image-4079\" style=\"width:211px;height:auto\" srcset=\"https:\/\/episcenes.com\/wp-content\/uploads\/2025\/12\/IMG_7168-2-960x1280.jpeg 960w, https:\/\/episcenes.com\/wp-content\/uploads\/2025\/12\/IMG_7168-2-595x793.jpeg 595w, https:\/\/episcenes.com\/wp-content\/uploads\/2025\/12\/IMG_7168-2-480x640.jpeg 480w, https:\/\/episcenes.com\/wp-content\/uploads\/2025\/12\/IMG_7168-2-768x1024.jpeg 768w, https:\/\/episcenes.com\/wp-content\/uploads\/2025\/12\/IMG_7168-2-1152x1536.jpeg 1152w, https:\/\/episcenes.com\/wp-content\/uploads\/2025\/12\/IMG_7168-2-1536x2048.jpeg 1536w, https:\/\/episcenes.com\/wp-content\/uploads\/2025\/12\/IMG_7168-2-scaled.jpeg 1920w\" sizes=\"auto, (max-width: 960px) 100vw, 960px\" \/><\/figure>\n<\/div>\n\n\n<h5><strong>Service civique 2025 &#8211; 2026 : Lorele\u00ef PENIN<\/strong><\/h5>\n<p>Originaire de Pau et dipl\u00f4m\u00e9e d\u2019un BTS Gestion de la PME, Lorele\u00ef PENIN, 20 ans rejoint le Th\u00e9\u00e2tre des EpiSc\u00e8nes pour son Service Civique, attir\u00e9e par ses valeurs humaines et son engagement culturel. Curieuse et motiv\u00e9e, elle souhaite mettre ses comp\u00e9tences au service d\u2019un lieu qu\u2019elle conna\u00eet d\u00e9j\u00e0 gr\u00e2ce \u00e0 sa s\u0153ur, ancienne volontaire.<br \/><br \/>Organis\u00e9e et rigoureuse, Lorelei poss\u00e8de une solide exp\u00e9rience administrative : gestion de dossiers, planification, coordination et utilisation d\u2019outils bureautiques. Ces comp\u00e9tences lui permettent de soutenir efficacement l\u2019\u00e9quipe dans ses t\u00e2ches quotidiennes et dans la pr\u00e9paration des actions du th\u00e9\u00e2tre.<br \/><br \/>Elle appr\u00e9cie \u00e9galement le travail de communication et la cr\u00e9ation de supports simples et efficaces pour pr\u00e9senter les activit\u00e9s et les \u00e9v\u00e9nements. Son sens du s\u00e9rieux et de la clart\u00e9 contribue \u00e0 une communication lisible et soign\u00e9e.<br \/><br \/>Ce Service Civique repr\u00e9sente pour elle une \u00e9tape importante dans la construction d\u2019un avenir professionnel m\u00ealant gestion et communication, qu\u2019elle aborde avec enthousiasme et engagement.<\/p>\n\n\n\n\n","protected":false},"excerpt":{"rendered":"<p>L\u00e9andre ARRIBES : Directeur Artistique L\u00e9andre Arribes, artiste complet au parcours atypique, a fait de la voix et de la pr\u00e9sence sc\u00e9nique les piliers de son art. Chanteur autodidacte puis form\u00e9 aux Conservatoires de Paris et de La Courneuve, il<\/p>\n","protected":false},"author":1,"featured_media":0,"parent":0,"menu_order":4,"comment_status":"closed","ping_status":"closed","template":"","meta":{"_exactmetrics_skip_tracking":false,"_exactmetrics_sitenote_active":false,"_exactmetrics_sitenote_note":"","_exactmetrics_sitenote_category":0,"footnotes":""},"class_list":["post-1604","page","type-page","status-publish","hentry"],"aioseo_notices":[],"amp_enabled":true,"_links":{"self":[{"href":"https:\/\/episcenes.com\/index.php?rest_route=\/wp\/v2\/pages\/1604","targetHints":{"allow":["GET"]}}],"collection":[{"href":"https:\/\/episcenes.com\/index.php?rest_route=\/wp\/v2\/pages"}],"about":[{"href":"https:\/\/episcenes.com\/index.php?rest_route=\/wp\/v2\/types\/page"}],"author":[{"embeddable":true,"href":"https:\/\/episcenes.com\/index.php?rest_route=\/wp\/v2\/users\/1"}],"replies":[{"embeddable":true,"href":"https:\/\/episcenes.com\/index.php?rest_route=%2Fwp%2Fv2%2Fcomments&post=1604"}],"version-history":[{"count":60,"href":"https:\/\/episcenes.com\/index.php?rest_route=\/wp\/v2\/pages\/1604\/revisions"}],"predecessor-version":[{"id":4084,"href":"https:\/\/episcenes.com\/index.php?rest_route=\/wp\/v2\/pages\/1604\/revisions\/4084"}],"wp:attachment":[{"href":"https:\/\/episcenes.com\/index.php?rest_route=%2Fwp%2Fv2%2Fmedia&parent=1604"}],"curies":[{"name":"wp","href":"https:\/\/api.w.org\/{rel}","templated":true}]}}